{"id":20151,"date":"2024-02-06T10:35:57","date_gmt":"2024-02-06T09:35:57","guid":{"rendered":"https:\/\/www.slow-tourisme-lab.fr\/?page_id=20151"},"modified":"2025-03-31T11:15:22","modified_gmt":"2025-03-31T09:15:22","slug":"la-veille-du-slow-tourisme-lab","status":"publish","type":"page","link":"https:\/\/www.slow-tourisme-lab.fr\/fr\/la-veille-du-slow-tourisme-lab\/","title":{"rendered":"La veille du Slow Tourisme Lab"},"content":{"rendered":"<div class=\"wpb-content-wrapper\"><p>[vc_row css_animation=\u00a0\u00bb\u00a0\u00bb row_type=\u00a0\u00bbrow\u00a0\u00bb use_row_as_full_screen_section=\u00a0\u00bbno\u00a0\u00bb type=\u00a0\u00bbfull_width\u00a0\u00bb angled_section=\u00a0\u00bbno\u00a0\u00bb text_align=\u00a0\u00bbleft\u00a0\u00bb background_image_as_pattern=\u00a0\u00bbwithout_pattern\u00a0\u00bb][vc_column][vc_row_inner row_type=\u00a0\u00bbrow\u00a0\u00bb type=\u00a0\u00bbfull_width\u00a0\u00bb text_align=\u00a0\u00bbleft\u00a0\u00bb css_animation=\u00a0\u00bb\u00a0\u00bb][vc_column_inner][vc_column_text]Plongez dans\u00a0 la veille strat\u00e9gique orchestr\u00e9e par le <strong>Slow Tourisme Lab<\/strong>, une initiative pionni\u00e8re dans le domaine du tourisme durable et responsable. Notre mission est de vous tenir inform\u00e9s des <strong>derni\u00e8res tendances, innovations et bonnes pratiques dans le monde du slow tourisme.<\/strong><\/p>\n<p>&nbsp;<\/p>\n<p>Le Slow Tourisme Lab s&rsquo;engage \u00e0 vous offrir une exp\u00e9rience de <strong>veille enrichissante et pertinente<\/strong>, en explorant les diff\u00e9rentes facettes du tourisme slow \u00e0 travers le prisme de la <strong>durabilit\u00e9<\/strong>, de l&rsquo;<strong>authenticit\u00e9<\/strong> et de la p<strong>r\u00e9servation des ressources naturelles et culturelles.<\/strong><\/p>\n<p>&nbsp;<\/p>\n<p>Que vous soyez un <strong>professionnel du tourisme<\/strong> soucieux de rester \u00e0 la pointe de votre secteur, un <strong>passionn\u00e9 de voyages<\/strong> \u00e0 la recherche de nouvelles destinations \u00e9co-responsables, ou <strong>startup<\/strong> soucieuse de d\u00e9couvrir les derni\u00e8res avanc\u00e9es dans le domaine du slow tourisme, notre page de veille est votre rendez-vous incontournable.<\/p>\n<p>&nbsp;<\/p>\n<p>Nous vous invitons \u00e0 explorer nos articles, analyses, \u00e9tudes de cas et ressources soigneusement s\u00e9lectionn\u00e9s pour vous fournir une vision compl\u00e8te et \u00e9clair\u00e9e du slow tourisme \u00e0 travers le monde. Restez connect\u00e9s pour d\u00e9couvrir les initiatives inspirantes, les initiatives novatrices et les meilleures pratiques qui fa\u00e7onnent l&rsquo;avenir du tourisme durable.[\/vc_column_text][\/vc_column_inner][\/vc_row_inner][vc_separator type=\u00a0\u00bbnormal\u00a0\u00bb][vc_empty_space][\/vc_column][\/vc_row][vc_row css_animation=\u00a0\u00bb\u00a0\u00bb row_type=\u00a0\u00bbrow\u00a0\u00bb use_row_as_full_screen_section=\u00a0\u00bbno\u00a0\u00bb type=\u00a0\u00bbfull_width\u00a0\u00bb angled_section=\u00a0\u00bbno\u00a0\u00bb text_align=\u00a0\u00bbleft\u00a0\u00bb background_image_as_pattern=\u00a0\u00bbwithout_pattern\u00a0\u00bb][vc_column width=\u00a0\u00bb1\/4&Prime;][\/vc_column][vc_column width=\u00a0\u00bb1\/2&Prime;][vc_raw_html]JTNDaWZyYW1lJTIwYWxpZ24lM0QlMjJtaWRkbGUlMjIlMjB3aWR0aCUzRCUyMjUwMCUyMiUyMHNjcm9sbGluZyUzRCUyMnllcyUyMiUyMGhlaWdodCUzRCUyMjUwMCUyMiUyMGZyYW1lYm9yZGVyJTNEJTIyMSUyMiUyMHNyYyUzRCUyMmh0dHBzJTNBJTJGJTJGd3d3LnNjb29wLml0JTJGdG9waWMlMkZsZS10b3VyaXNtZS1ldC1sLWVjb25vbWllLW51bWVyaXF1ZSUyRmpzJTNGZm9ybWF0JTNEc3F1YXJlJTI2YW1wJTNCbnVtYmVyT2ZQb3N0cyUzRDMlMjZhbXAlM0J0aXRsZSUzRExhJTJCdmVpbGxlJTJCZHUlMkJTbG93JTJCVG91cmlzbWUlMkJMYWIlMjZhbXAlM0JzcGVlZCUzRDMlMjZhbXAlM0Jtb2RlJTNEbm9ybWFsJTI2YW1wJTNCd2lkdGglM0Q1MDAlMjIlM0UlM0MlMkZpZnJhbWUlM0U=[\/vc_raw_html][vc_raw_html css=\u00a0\u00bb\u00a0\u00bb]JTNDaWZyYW1lJTIwc3JjJTNEJTIyaHR0cHMlM0ElMkYlMkZzbG93dG91cmlzbWUuc3Vic3RhY2suY29tJTJGZW1iZWQlMjIlMjB3aWR0aCUzRCUyMjQ4MCUyMiUyMGhlaWdodCUzRCUyMjMyMCUyMiUyMHN0eWxlJTNEJTIyYm9yZGVyJTNBMXB4JTIwc29saWQlMjAlMjNFRUUlM0IlMjBiYWNrZ3JvdW5kJTNBd2hpdGUlM0IlMjIlMjBmcmFtZWJvcmRlciUzRCUyMjAlMjIlMjBzY3JvbGxpbmclM0QlMjJubyUyMiUzRSUzQyUyRmlmcmFtZSUzRQ==[\/vc_raw_html][\/vc_column][vc_column width=\u00a0\u00bb1\/4&Prime;][\/vc_column][\/vc_row]<\/p>\n<\/div>","protected":false},"excerpt":{"rendered":"<p>[vc_row css_animation=\u00a0\u00bb\u00a0\u00bb row_type=\u00a0\u00bbrow\u00a0\u00bb use_row_as_full_screen_section=\u00a0\u00bbno\u00a0\u00bb type=\u00a0\u00bbfull_width\u00a0\u00bb angled_section=\u00a0\u00bbno\u00a0\u00bb text_align=\u00a0\u00bbleft\u00a0\u00bb background_image_as_pattern=\u00a0\u00bbwithout_pattern\u00a0\u00bb][vc_column][vc_row_inner row_type=\u00a0\u00bbrow\u00a0\u00bb type=\u00a0\u00bbfull_width\u00a0\u00bb text_align=\u00a0\u00bbleft\u00a0\u00bb css_animation=\u00a0\u00bb\u00a0\u00bb][vc_column_inner][vc_column_text]Plongez dans\u00a0 la veille strat\u00e9gique orchestr\u00e9e par le Slow Tourisme Lab, une initiative pionni\u00e8re dans le domaine du tourisme durable et responsable. Notre mission est de vous tenir inform\u00e9s des derni\u00e8res tendances, innovations et&#8230;<\/p>\n","protected":false},"author":43,"featured_media":0,"parent":0,"menu_order":0,"comment_status":"closed","ping_status":"closed","template":"","meta":{"footnotes":""},"class_list":["post-20151","page","type-page","status-publish","hentry"],"yoast_head":"<!-- This site is optimized with the Yoast SEO plugin v26.6 - https:\/\/yoast.com\/wordpress\/plugins\/seo\/ -->\n<title>La veille du Slow Tourisme Lab - Slow Tourisme Lab<\/title>\n<meta name=\"robots\" content=\"index, follow, max-snippet:-1, max-image-preview:large, max-video-preview:-1\" \/>\n<link rel=\"canonical\" href=\"https:\/\/www.slow-tourisme-lab.fr\/fr\/la-veille-du-slow-tourisme-lab\/\" \/>\n<meta property=\"og:locale\" content=\"fr_FR\" \/>\n<meta property=\"og:type\" content=\"article\" \/>\n<meta property=\"og:title\" content=\"La veille du Slow Tourisme Lab - Slow Tourisme Lab\" \/>\n<meta property=\"og:description\" content=\"[vc_row css_animation=\u00a0\u00bb\u00a0\u00bb row_type=\u00a0\u00bbrow\u00a0\u00bb use_row_as_full_screen_section=\u00a0\u00bbno\u00a0\u00bb type=\u00a0\u00bbfull_width\u00a0\u00bb angled_section=\u00a0\u00bbno\u00a0\u00bb text_align=\u00a0\u00bbleft\u00a0\u00bb background_image_as_pattern=\u00a0\u00bbwithout_pattern\u00a0\u00bb][vc_column][vc_row_inner row_type=\u00a0\u00bbrow\u00a0\u00bb type=\u00a0\u00bbfull_width\u00a0\u00bb text_align=\u00a0\u00bbleft\u00a0\u00bb css_animation=\u00a0\u00bb\u00a0\u00bb][vc_column_inner][vc_column_text]Plongez dans\u00a0 la veille strat\u00e9gique orchestr\u00e9e par le Slow Tourisme Lab, une initiative pionni\u00e8re dans le domaine du tourisme durable et responsable. Notre mission est de vous tenir inform\u00e9s des derni\u00e8res tendances, innovations et...\" \/>\n<meta property=\"og:url\" content=\"https:\/\/www.slow-tourisme-lab.fr\/fr\/la-veille-du-slow-tourisme-lab\/\" \/>\n<meta property=\"og:site_name\" content=\"Slow Tourisme Lab\" \/>\n<meta property=\"article:modified_time\" content=\"2025-03-31T09:15:22+00:00\" \/>\n<meta name=\"twitter:card\" content=\"summary_large_image\" \/>\n<meta name=\"twitter:label1\" content=\"Dur\u00e9e de lecture estim\u00e9e\" \/>\n\t<meta name=\"twitter:data1\" content=\"2 minutes\" \/>\n<script type=\"application\/ld+json\" class=\"yoast-schema-graph\">{\"@context\":\"https:\/\/schema.org\",\"@graph\":[{\"@type\":\"WebPage\",\"@id\":\"https:\/\/www.slow-tourisme-lab.fr\/fr\/la-veille-du-slow-tourisme-lab\/\",\"url\":\"https:\/\/www.slow-tourisme-lab.fr\/fr\/la-veille-du-slow-tourisme-lab\/\",\"name\":\"La veille du Slow Tourisme Lab - Slow Tourisme Lab\",\"isPartOf\":{\"@id\":\"https:\/\/www.slow-tourisme-lab.fr\/fr\/#website\"},\"datePublished\":\"2024-02-06T09:35:57+00:00\",\"dateModified\":\"2025-03-31T09:15:22+00:00\",\"breadcrumb\":{\"@id\":\"https:\/\/www.slow-tourisme-lab.fr\/fr\/la-veille-du-slow-tourisme-lab\/#breadcrumb\"},\"inLanguage\":\"fr-FR\",\"potentialAction\":[{\"@type\":\"ReadAction\",\"target\":[\"https:\/\/www.slow-tourisme-lab.fr\/fr\/la-veille-du-slow-tourisme-lab\/\"]}]},{\"@type\":\"BreadcrumbList\",\"@id\":\"https:\/\/www.slow-tourisme-lab.fr\/fr\/la-veille-du-slow-tourisme-lab\/#breadcrumb\",\"itemListElement\":[{\"@type\":\"ListItem\",\"position\":1,\"name\":\"Accueil\",\"item\":\"https:\/\/www.slow-tourisme-lab.fr\/fr\/\"},{\"@type\":\"ListItem\",\"position\":2,\"name\":\"La veille du Slow Tourisme Lab\"}]},{\"@type\":\"WebSite\",\"@id\":\"https:\/\/www.slow-tourisme-lab.fr\/fr\/#website\",\"url\":\"https:\/\/www.slow-tourisme-lab.fr\/fr\/\",\"name\":\"Slow Tourisme Lab\",\"description\":\"Un accompagnement pour l'innovation touristique durable\",\"potentialAction\":[{\"@type\":\"SearchAction\",\"target\":{\"@type\":\"EntryPoint\",\"urlTemplate\":\"https:\/\/www.slow-tourisme-lab.fr\/fr\/?s={search_term_string}\"},\"query-input\":{\"@type\":\"PropertyValueSpecification\",\"valueRequired\":true,\"valueName\":\"search_term_string\"}}],\"inLanguage\":\"fr-FR\"}]}<\/script>\n<!-- \/ Yoast SEO plugin. -->","yoast_head_json":{"title":"La veille du Slow Tourisme Lab - Slow Tourisme Lab","robots":{"index":"index","follow":"follow","max-snippet":"max-snippet:-1","max-image-preview":"max-image-preview:large","max-video-preview":"max-video-preview:-1"},"canonical":"https:\/\/www.slow-tourisme-lab.fr\/fr\/la-veille-du-slow-tourisme-lab\/","og_locale":"fr_FR","og_type":"article","og_title":"La veille du Slow Tourisme Lab - Slow Tourisme Lab","og_description":"[vc_row css_animation=\u00a0\u00bb\u00a0\u00bb row_type=\u00a0\u00bbrow\u00a0\u00bb use_row_as_full_screen_section=\u00a0\u00bbno\u00a0\u00bb type=\u00a0\u00bbfull_width\u00a0\u00bb angled_section=\u00a0\u00bbno\u00a0\u00bb text_align=\u00a0\u00bbleft\u00a0\u00bb background_image_as_pattern=\u00a0\u00bbwithout_pattern\u00a0\u00bb][vc_column][vc_row_inner row_type=\u00a0\u00bbrow\u00a0\u00bb type=\u00a0\u00bbfull_width\u00a0\u00bb text_align=\u00a0\u00bbleft\u00a0\u00bb css_animation=\u00a0\u00bb\u00a0\u00bb][vc_column_inner][vc_column_text]Plongez dans\u00a0 la veille strat\u00e9gique orchestr\u00e9e par le Slow Tourisme Lab, une initiative pionni\u00e8re dans le domaine du tourisme durable et responsable. Notre mission est de vous tenir inform\u00e9s des derni\u00e8res tendances, innovations et...","og_url":"https:\/\/www.slow-tourisme-lab.fr\/fr\/la-veille-du-slow-tourisme-lab\/","og_site_name":"Slow Tourisme Lab","article_modified_time":"2025-03-31T09:15:22+00:00","twitter_card":"summary_large_image","twitter_misc":{"Dur\u00e9e de lecture estim\u00e9e":"2 minutes"},"schema":{"@context":"https:\/\/schema.org","@graph":[{"@type":"WebPage","@id":"https:\/\/www.slow-tourisme-lab.fr\/fr\/la-veille-du-slow-tourisme-lab\/","url":"https:\/\/www.slow-tourisme-lab.fr\/fr\/la-veille-du-slow-tourisme-lab\/","name":"La veille du Slow Tourisme Lab - Slow Tourisme Lab","isPartOf":{"@id":"https:\/\/www.slow-tourisme-lab.fr\/fr\/#website"},"datePublished":"2024-02-06T09:35:57+00:00","dateModified":"2025-03-31T09:15:22+00:00","breadcrumb":{"@id":"https:\/\/www.slow-tourisme-lab.fr\/fr\/la-veille-du-slow-tourisme-lab\/#breadcrumb"},"inLanguage":"fr-FR","potentialAction":[{"@type":"ReadAction","target":["https:\/\/www.slow-tourisme-lab.fr\/fr\/la-veille-du-slow-tourisme-lab\/"]}]},{"@type":"BreadcrumbList","@id":"https:\/\/www.slow-tourisme-lab.fr\/fr\/la-veille-du-slow-tourisme-lab\/#breadcrumb","itemListElement":[{"@type":"ListItem","position":1,"name":"Accueil","item":"https:\/\/www.slow-tourisme-lab.fr\/fr\/"},{"@type":"ListItem","position":2,"name":"La veille du Slow Tourisme Lab"}]},{"@type":"WebSite","@id":"https:\/\/www.slow-tourisme-lab.fr\/fr\/#website","url":"https:\/\/www.slow-tourisme-lab.fr\/fr\/","name":"Slow Tourisme Lab","description":"Un accompagnement pour l'innovation touristique durable","potentialAction":[{"@type":"SearchAction","target":{"@type":"EntryPoint","urlTemplate":"https:\/\/www.slow-tourisme-lab.fr\/fr\/?s={search_term_string}"},"query-input":{"@type":"PropertyValueSpecification","valueRequired":true,"valueName":"search_term_string"}}],"inLanguage":"fr-FR"}]}},"_links":{"self":[{"href":"https:\/\/www.slow-tourisme-lab.fr\/fr\/wp-json\/wp\/v2\/pages\/20151\/"}],"collection":[{"href":"https:\/\/www.slow-tourisme-lab.fr\/fr\/wp-json\/wp\/v2\/pages\/"}],"about":[{"href":"https:\/\/www.slow-tourisme-lab.fr\/fr\/wp-json\/wp\/v2\/types\/page\/"}],"author":[{"embeddable":true,"href":"https:\/\/www.slow-tourisme-lab.fr\/fr\/wp-json\/wp\/v2\/users\/43\/"}],"replies":[{"embeddable":true,"href":"https:\/\/www.slow-tourisme-lab.fr\/fr\/wp-json\/wp\/v2\/comments\/?post=20151"}],"version-history":[{"count":6,"href":"https:\/\/www.slow-tourisme-lab.fr\/fr\/wp-json\/wp\/v2\/pages\/20151\/revisions\/"}],"predecessor-version":[{"id":20791,"href":"https:\/\/www.slow-tourisme-lab.fr\/fr\/wp-json\/wp\/v2\/pages\/20151\/revisions\/20791\/"}],"wp:attachment":[{"href":"https:\/\/www.slow-tourisme-lab.fr\/fr\/wp-json\/wp\/v2\/media\/?parent=20151"}],"curies":[{"name":"wp","href":"https:\/\/api.w.org\/{rel}","templated":true}]}}

<div class="wpb-content-wrapper"><p>[vc_row css_animation= » » row_type= »row » use_row_as_full_screen_section= »no » type= »full_width » angled_section= »no » text_align= »left » background_image_as_pattern= »without_pattern »][vc_column][vc_row_inner row_type= »row » type= »full_width » text_align= »left » css_animation= » »][vc_column_inner][vc_column_text]Plongez dans  la veille stratégique orchestrée par le <strong>Slow Tourisme Lab</strong>, une initiative pionnière dans le domaine du tourisme durable et responsable. Notre mission est de vous tenir informés des <strong>dernières tendances, innovations et bonnes pratiques dans le monde du slow tourisme.</strong></p>
<p>&nbsp;</p>
<p>Le Slow Tourisme Lab s&rsquo;engage à vous offrir une expérience de <strong>veille enrichissante et pertinente</strong>, en explorant les différentes facettes du tourisme slow à travers le prisme de la <strong>durabilité</strong>, de l&rsquo;<strong>authenticité</strong> et de la p<strong>réservation des ressources naturelles et culturelles.</strong></p>
<p>&nbsp;</p>
<p>Que vous soyez un <strong>professionnel du tourisme</strong> soucieux de rester à la pointe de votre secteur, un <strong>passionné de voyages</strong> à la recherche de nouvelles destinations éco-responsables, ou <strong>startup</strong> soucieuse de découvrir les dernières avancées dans le domaine du slow tourisme, notre page de veille est votre rendez-vous incontournable.</p>
<p>&nbsp;</p>
<p>Nous vous invitons à explorer nos articles, analyses, études de cas et ressources soigneusement sélectionnés pour vous fournir une vision complète et éclairée du slow tourisme à travers le monde. Restez connectés pour découvrir les initiatives inspirantes, les initiatives novatrices et les meilleures pratiques qui façonnent l&rsquo;avenir du tourisme durable.[/vc_column_text][/vc_column_inner][/vc_row_inner][vc_separator type= »normal »][vc_empty_space][/vc_column][/vc_row][vc_row css_animation= » » row_type= »row » use_row_as_full_screen_section= »no » type= »full_width » angled_section= »no » text_align= »left » background_image_as_pattern= »without_pattern »][vc_column width= »1/4&Prime;][/vc_column][vc_column width= »1/2&Prime;][vc_raw_html]JTNDaWZyYW1lJTIwYWxpZ24lM0QlMjJtaWRkbGUlMjIlMjB3aWR0aCUzRCUyMjUwMCUyMiUyMHNjcm9sbGluZyUzRCUyMnllcyUyMiUyMGhlaWdodCUzRCUyMjUwMCUyMiUyMGZyYW1lYm9yZGVyJTNEJTIyMSUyMiUyMHNyYyUzRCUyMmh0dHBzJTNBJTJGJTJGd3d3LnNjb29wLml0JTJGdG9waWMlMkZsZS10b3VyaXNtZS1ldC1sLWVjb25vbWllLW51bWVyaXF1ZSUyRmpzJTNGZm9ybWF0JTNEc3F1YXJlJTI2YW1wJTNCbnVtYmVyT2ZQb3N0cyUzRDMlMjZhbXAlM0J0aXRsZSUzRExhJTJCdmVpbGxlJTJCZHUlMkJTbG93JTJCVG91cmlzbWUlMkJMYWIlMjZhbXAlM0JzcGVlZCUzRDMlMjZhbXAlM0Jtb2RlJTNEbm9ybWFsJTI2YW1wJTNCd2lkdGglM0Q1MDAlMjIlM0UlM0MlMkZpZnJhbWUlM0U=[/vc_raw_html][vc_raw_html css= » »]JTNDaWZyYW1lJTIwc3JjJTNEJTIyaHR0cHMlM0ElMkYlMkZzbG93dG91cmlzbWUuc3Vic3RhY2suY29tJTJGZW1iZWQlMjIlMjB3aWR0aCUzRCUyMjQ4MCUyMiUyMGhlaWdodCUzRCUyMjMyMCUyMiUyMHN0eWxlJTNEJTIyYm9yZGVyJTNBMXB4JTIwc29saWQlMjAlMjNFRUUlM0IlMjBiYWNrZ3JvdW5kJTNBd2hpdGUlM0IlMjIlMjBmcmFtZWJvcmRlciUzRCUyMjAlMjIlMjBzY3JvbGxpbmclM0QlMjJubyUyMiUzRSUzQyUyRmlmcmFtZSUzRQ==[/vc_raw_html][/vc_column][vc_column width= »1/4&Prime;][/vc_column][/vc_row]</p>
</div>

<p>[vc_row css_animation= » » row_type= »row » use_row_as_full_screen_section= »no » type= »full_width » angled_section= »no » text_align= »left » background_image_as_pattern= »without_pattern »][vc_column][vc_row_inner row_type= »row » type= »full_width » text_align= »left » css_animation= » »][vc_column_inner][vc_column_text]Plongez dans  la veille stratégique orchestrée par le Slow Tourisme Lab, une initiative pionnière dans le domaine du tourisme durable et responsable. Notre mission est de vous tenir informés des dernières tendances, innovations et&#8230;</p>

<!-- This site is optimized with the Yoast SEO plugin v26.6 - https://yoast.com/wordpress/plugins/seo/ -->
<title>La veille du Slow Tourisme Lab - Slow Tourisme Lab</title>
<meta name="robots" content="index, follow, max-snippet:-1, max-image-preview:large, max-video-preview:-1" />
<link rel="canonical" href="https://www.slow-tourisme-lab.fr/fr/la-veille-du-slow-tourisme-lab/" />
<meta property="og:locale" content="fr_FR" />
<meta property="og:type" content="article" />
<meta property="og:title" content="La veille du Slow Tourisme Lab - Slow Tourisme Lab" />
<meta property="og:description" content="[vc_row css_animation= » » row_type= »row » use_row_as_full_screen_section= »no » type= »full_width » angled_section= »no » text_align= »left » background_image_as_pattern= »without_pattern »][vc_column][vc_row_inner row_type= »row » type= »full_width » text_align= »left » css_animation= » »][vc_column_inner][vc_column_text]Plongez dans  la veille stratégique orchestrée par le Slow Tourisme Lab, une initiative pionnière dans le domaine du tourisme durable et responsable. Notre mission est de vous tenir informés des dernières tendances, innovations et..." />
<meta property="og:url" content="https://www.slow-tourisme-lab.fr/fr/la-veille-du-slow-tourisme-lab/" />
<meta property="og:site_name" content="Slow Tourisme Lab" />
<meta property="article:modified_time" content="2025-03-31T09:15:22+00:00" />
<meta name="twitter:card" content="summary_large_image" />
<meta name="twitter:label1" content="Durée de lecture estimée" />
	<meta name="twitter:data1" content="2 minutes" />
<script type="application/ld+json" class="yoast-schema-graph">{"@context":"https://schema.org","@graph":[{"@type":"WebPage","@id":"https://www.slow-tourisme-lab.fr/fr/la-veille-du-slow-tourisme-lab/","url":"https://www.slow-tourisme-lab.fr/fr/la-veille-du-slow-tourisme-lab/","name":"La veille du Slow Tourisme Lab - Slow Tourisme Lab","isPartOf":{"@id":"https://www.slow-tourisme-lab.fr/fr/#website"},"datePublished":"2024-02-06T09:35:57+00:00","dateModified":"2025-03-31T09:15:22+00:00","breadcrumb":{"@id":"https://www.slow-tourisme-lab.fr/fr/la-veille-du-slow-tourisme-lab/#breadcrumb"},"inLanguage":"fr-FR","potentialAction":[{"@type":"ReadAction","target":["https://www.slow-tourisme-lab.fr/fr/la-veille-du-slow-tourisme-lab/"]}]},{"@type":"BreadcrumbList","@id":"https://www.slow-tourisme-lab.fr/fr/la-veille-du-slow-tourisme-lab/#breadcrumb","itemListElement":[{"@type":"ListItem","position":1,"name":"Accueil","item":"https://www.slow-tourisme-lab.fr/fr/"},{"@type":"ListItem","position":2,"name":"La veille du Slow Tourisme Lab"}]},{"@type":"WebSite","@id":"https://www.slow-tourisme-lab.fr/fr/#website","url":"https://www.slow-tourisme-lab.fr/fr/","name":"Slow Tourisme Lab","description":"Un accompagnement pour l'innovation touristique durable","potentialAction":[{"@type":"SearchAction","target":{"@type":"EntryPoint","urlTemplate":"https://www.slow-tourisme-lab.fr/fr/?s={search_term_string}"},"query-input":{"@type":"PropertyValueSpecification","valueRequired":true,"valueName":"search_term_string"}}],"inLanguage":"fr-FR"}]}</script>
<!-- / Yoast SEO plugin. -->

[vc_row css_animation= » » row_type= »row » use_row_as_full_screen_section= »no » type= »full_width » angled_section= »no » text_align= »left » background_image_as_pattern= »without_pattern »][vc_column][vc_row_inner row_type= »row » type= »full_width » text_align= »left » css_animation= » »][vc_column_inner][vc_column_text]Plongez dans  la veille stratégique orchestrée par le Slow Tourisme Lab, une initiative pionnière dans le domaine du tourisme durable et responsable. Notre mission est de vous tenir informés des dernières tendances, innovations et...
