{"version":"1.0","provider_name":"Slow Tourisme Lab","provider_url":"https:\/\/www.slow-tourisme-lab.fr\/fr\/","title":"La mobilit\u00e9 : les enjeux d\u2019une destination \u00ab slow tourisme \u00bb - Slow Tourisme Lab","type":"rich","width":600,"height":338,"html":"<blockquote class=\"wp-embedded-content\" data-secret=\"6I2rHOsAd5\"><a href=\"https:\/\/www.slow-tourisme-lab.fr\/fr\/mobilite-slow-tourisme\/\">La mobilit\u00e9 : les enjeux d\u2019une destination \u00ab slow tourisme \u00bb<\/a><\/blockquote><iframe sandbox=\"allow-scripts\" security=\"restricted\" src=\"https:\/\/www.slow-tourisme-lab.fr\/fr\/mobilite-slow-tourisme\/embed\/#?secret=6I2rHOsAd5\" width=\"600\" height=\"338\" title=\"\u00ab\u00a0La mobilit\u00e9 : les enjeux d\u2019une destination \u00ab slow tourisme \u00bb\u00a0\u00bb &#8212; Slow Tourisme Lab\" data-secret=\"6I2rHOsAd5\" frameborder=\"0\" marginwidth=\"0\" marginheight=\"0\" scrolling=\"no\" class=\"wp-embedded-content\"><\/iframe><script type=\"text\/javascript\">\n\/* <![CDATA[ *\/\n\/*! This file is auto-generated *\/\n!function(d,l){\"use strict\";l.querySelector&&d.addEventListener&&\"undefined\"!=typeof URL&&(d.wp=d.wp||{},d.wp.receiveEmbedMessage||(d.wp.receiveEmbedMessage=function(e){var t=e.data;if((t||t.secret||t.message||t.value)&&!\/[^a-zA-Z0-9]\/.test(t.secret)){for(var s,r,n,a=l.querySelectorAll('iframe[data-secret=\"'+t.secret+'\"]'),o=l.querySelectorAll('blockquote[data-secret=\"'+t.secret+'\"]'),c=new RegExp(\"^https?:$\",\"i\"),i=0;i<o.length;i++)o[i].style.display=\"none\";for(i=0;i<a.length;i++)s=a[i],e.source===s.contentWindow&&(s.removeAttribute(\"style\"),\"height\"===t.message?(1e3<(r=parseInt(t.value,10))?r=1e3:~~r<200&&(r=200),s.height=r):\"link\"===t.message&&(r=new URL(s.getAttribute(\"src\")),n=new URL(t.value),c.test(n.protocol))&&n.host===r.host&&l.activeElement===s&&(d.top.location.href=t.value))}},d.addEventListener(\"message\",d.wp.receiveEmbedMessage,!1),l.addEventListener(\"DOMContentLoaded\",function(){for(var e,t,s=l.querySelectorAll(\"iframe.wp-embedded-content\"),r=0;r<s.length;r++)(t=(e=s[r]).getAttribute(\"data-secret\"))||(t=Math.random().toString(36).substring(2,12),e.src+=\"#?secret=\"+t,e.setAttribute(\"data-secret\",t)),e.contentWindow.postMessage({message:\"ready\",secret:t},\"*\")},!1)))}(window,document);\n\/* ]]> *\/\n<\/script>\n","thumbnail_url":"https:\/\/slowtourismelab-www.v3.mobylee.com\/assets\/uploads\/sites\/50\/2025\/04\/VTT-5-\u00a9-Clara-Ferrand-scaled.jpg","thumbnail_width":1707,"thumbnail_height":2560,"description":"Notre expert Brice Duthion propose pour son septi\u00e8me article une r\u00e9flexion sur les mobilit\u00e9s touristiques avec la conviction que le temps de voyage est enrichi par le temps qui semble perdu pour beaucoup d'entre nous dans les transports..."}

La mobilité : les enjeux d’une destination « slow tourisme » - Slow Tourisme Lab

<blockquote class="wp-embedded-content" data-secret="6I2rHOsAd5"><a href="https://www.slow-tourisme-lab.fr/fr/mobilite-slow-tourisme/">La mobilité : les enjeux d’une destination « slow tourisme »</a></blockquote><iframe sandbox="allow-scripts" security="restricted" src="https://www.slow-tourisme-lab.fr/fr/mobilite-slow-tourisme/embed/#?secret=6I2rHOsAd5" width="600" height="338" title="« La mobilité : les enjeux d’une destination « slow tourisme » » &#8212; Slow Tourisme Lab" data-secret="6I2rHOsAd5" frameborder="0" marginwidth="0" marginheight="0" scrolling="no" class="wp-embedded-content"></iframe><script type="text/javascript">
/* <![CDATA[ */
/*! This file is auto-generated */
!function(d,l){"use strict";l.querySelector&&d.addEventListener&&"undefined"!=typeof URL&&(d.wp=d.wp||{},d.wp.receiveEmbedMessage||(d.wp.receiveEmbedMessage=function(e){var t=e.data;if((t||t.secret||t.message||t.value)&&!/[^a-zA-Z0-9]/.test(t.secret)){for(var s,r,n,a=l.querySelectorAll('iframe[data-secret="'+t.secret+'"]'),o=l.querySelectorAll('blockquote[data-secret="'+t.secret+'"]'),c=new RegExp("^https?:$","i"),i=0;i<o.length;i++)o[i].style.display="none";for(i=0;i<a.length;i++)s=a[i],e.source===s.contentWindow&&(s.removeAttribute("style"),"height"===t.message?(1e3<(r=parseInt(t.value,10))?r=1e3:~~r<200&&(r=200),s.height=r):"link"===t.message&&(r=new URL(s.getAttribute("src")),n=new URL(t.value),c.test(n.protocol))&&n.host===r.host&&l.activeElement===s&&(d.top.location.href=t.value))}},d.addEventListener("message",d.wp.receiveEmbedMessage,!1),l.addEventListener("DOMContentLoaded",function(){for(var e,t,s=l.querySelectorAll("iframe.wp-embedded-content"),r=0;r<s.length;r++)(t=(e=s[r]).getAttribute("data-secret"))||(t=Math.random().toString(36).substring(2,12),e.src+="#?secret="+t,e.setAttribute("data-secret",t)),e.contentWindow.postMessage({message:"ready",secret:t},"*")},!1)))}(window,document);
/* ]]> */
</script>

Notre expert Brice Duthion propose pour son septième article une réflexion sur les mobilités touristiques avec la conviction que le temps de voyage est enrichi par le temps qui semble perdu pour beaucoup d'entre nous dans les transports...
